{"id":2,"date":"2021-05-06T08:19:57","date_gmt":"2021-05-06T06:19:57","guid":{"rendered":"https:\/\/liquidmusic.bfma.at\/?page_id=2"},"modified":"2021-07-01T14:14:56","modified_gmt":"2021-07-01T12:14:56","slug":"beispiel-seite","status":"publish","type":"page","link":"https:\/\/liquidmusic.bfma.at\/","title":{"rendered":"Startseite"},"content":{"rendered":"\n<p class=\"has-vivid-cyan-blue-color has-text-color\"><strong> AKTUELL: VER\u00d6FFENTLICHUNG DES NEUEN ALBUMS (ALS CD ODER DOWNLOAD) AB 07.07.2021 EXKLUSIV AUF:<\/strong><\/p>\n\n\n\n<p class=\"has-vivid-cyan-blue-color has-text-color\"><strong><a href=\"http:\/\/liquidmusic.earth\">www.liquidmusic.earth<\/a><\/strong><\/p>\n\n\n\n<p> <\/p>\n\n\n\n<p> <\/p>\n\n\n\n<figure class=\"wp-block-embed is-type-video is-provider-vimeo wp-block-embed-vimeo wp-embed-aspect-21-9 wp-has-aspect-ratio\"><div class=\"wp-block-embed__wrapper\">\n<iframe loading=\"lazy\" title=\"Liquid Music - Trailer\" src=\"https:\/\/player.vimeo.com\/video\/451236232?dnt=1&amp;app_id=122963\" width=\"525\" height=\"223\" frameborder=\"0\" allow=\"autoplay; fullscreen; picture-in-picture; clipboard-write\"><\/iframe>\n<\/div><\/figure>\n\n\n\n<p><\/p>\n\n\n\n<p>Ein radikal demokratisches Projekt neuer <strong>Fl\u00fcssiger Musik<\/strong>.<\/p>\n\n\n\n<p>Werde Teil einer Community, die die Rechte an dem Projekt kollektiv h\u00e4lt und die Verteilungsfrage zu 100% horizontal l\u00f6st.&nbsp;<\/p>\n\n\n\n<p>Wenn Du das Projekt heute f\u00f6rderst, bekommst Du jedes Quartal Anteile am Gewinn des Verkaufs des Albums zur\u00fcck. D.h. das Geld flie\u00dft in beide Richtungen, allerdings wird der genaue Anteil nicht von Vornherein fixiert, sondern wird vom Kollektiv dynamisch eruiert.&nbsp;<\/p>\n\n\n\n<p><strong>Wie wird der Kuchen verteilt? <\/strong><\/p>\n\n\n\n<p>Ganz einfach, \u00fcber online Voting &#8211; one person, one vote. Jeder der Community stimmt dar\u00fcber ab, wie er\/sie findet dass der Gewinn zwischen allen Akteuren verteilt werden sollte. Akteur ist jeder, vom Komponisten, den Musiker*innen, der Technik, den F\u00f6rderern bis hin zu den Leuten die das Album kaufen und aktive Zuh\u00f6rerinnen sind, in unserem Verst\u00e4ndnis nicht blo\u00df Konsumenten.<\/p>\n","protected":false},"excerpt":{"rendered":"<p>AKTUELL: VER\u00d6FFENTLICHUNG DES NEUEN ALBUMS (ALS CD ODER DOWNLOAD) AB 07.07.2021 EXKLUSIV AUF: www.liquidmusic.earth Ein radikal demokratisches Projekt neuer Fl\u00fcssiger Musik. Werde Teil einer Community, die die Rechte an dem Projekt kollektiv h\u00e4lt und die Verteilungsfrage zu 100% horizontal l\u00f6st.&nbsp; Wenn Du das Projekt heute f\u00f6rderst, bekommst Du jedes Quartal Anteile am Gewinn des Verkaufs &hellip; <\/p>\n<p class=\"link-more\"><a href=\"https:\/\/liquidmusic.bfma.at\/\" class=\"more-link\"><span class=\"screen-reader-text\">\u201eStartseite\u201c<\/span> weiterlesen<\/a><\/p>\n","protected":false},"author":1,"featured_media":0,"parent":0,"menu_order":0,"comment_status":"closed","ping_status":"open","template":"","meta":{"footnotes":""},"class_list":["post-2","page","type-page","status-publish","hentry"],"_links":{"self":[{"href":"https:\/\/liquidmusic.bfma.at\/index.php?rest_route=\/wp\/v2\/pages\/2","targetHints":{"allow":["GET"]}}],"collection":[{"href":"https:\/\/liquidmusic.bfma.at\/index.php?rest_route=\/wp\/v2\/pages"}],"about":[{"href":"https:\/\/liquidmusic.bfma.at\/index.php?rest_route=\/wp\/v2\/types\/page"}],"author":[{"embeddable":true,"href":"https:\/\/liquidmusic.bfma.at\/index.php?rest_route=\/wp\/v2\/users\/1"}],"replies":[{"embeddable":true,"href":"https:\/\/liquidmusic.bfma.at\/index.php?rest_route=%2Fwp%2Fv2%2Fcomments&post=2"}],"version-history":[{"count":7,"href":"https:\/\/liquidmusic.bfma.at\/index.php?rest_route=\/wp\/v2\/pages\/2\/revisions"}],"predecessor-version":[{"id":101,"href":"https:\/\/liquidmusic.bfma.at\/index.php?rest_route=\/wp\/v2\/pages\/2\/revisions\/101"}],"wp:attachment":[{"href":"https:\/\/liquidmusic.bfma.at\/index.php?rest_route=%2Fwp%2Fv2%2Fmedia&parent=2"}],"curies":[{"name":"wp","href":"https:\/\/api.w.org\/{rel}","templated":true}]}}